- 2*v - 16 - 4 = 0, -v - 6 = s. Let h be s/(-6) - (5/(-15) + 0). What are the prime factors of ((-15)/(-12))/(h/4)*25?
5
Suppose -3*m = -2*y - 232117, -5*y - 347782 + 115659 = -3*m. What are the prime factors of m?
7, 1579
Let j be 329/2 + 510/(-204). Let k be ((-1)/(-1))/(2/458). Let h = k - j. What are the prime factors of h?
67
List the prime factors of (-146520)/(-80)*(-4)/(-3).
2, 3, 11, 37
Let r be -3 + (-10 - 0)*(-3)/6. Let v be 4*16/(-3) + r/6. What are the prime factors of 8/((-112)/v)*(-268)/(-6)?
67
Suppose -4*s = -5*f - 4853, -4*f = 36*s - 41*s + 6073. List the prime factors of s.
1217
Suppose -5*k - 10 = -0*k. List the prime factors of k/(37/13 + -3).
13
List the prime factors of 222668/6 + (0 - (-3)/(-9)).
17, 37, 59
Let z = -18809 - -33889. What are the prime factors of z?
2, 5, 13, 29
Suppose 0 = 90*q - 95*q + 50. Suppose 5*s = -q*x + 5*x + 40, 0 = 2*s + 5*x - 22. What are the prime factors of (336 + -2)*-1*(-3)/s?
167
Let i(c) = -c**3 + 7*c**2 - 5*c - 9. Let r(j) = j + 4. Let w be r(0). Let o be i(w). Suppose -8*k = -125 - o. List the prime factors of k.
2, 3
Suppose -19434 = -14*n + 8062. Suppose n = -94*z + 98*z. What are the prime factors of z?
491
Suppose -m + 2359 + 2497 = 4*q, -14492 = -3*m + 7*q. List the prime factors of m.
2, 5, 11
Let b(i) = 11*i**2 - 14*i - 593. List the prime factors of b(-24).
6079
Let p(w) = -w**2 + w + 4. Let s be p(-2). Let r be 12/(-2) + (-4 - s). List the prime factors of -6*r/(-36) - (-914)/6.
151
Let x be (-120)/(-32) + 3/12. Suppose -3*j + x = 2*j - 3*k, 5*j + 5*k = 20. Suppose 2*i + 466 = 2*o, 3*o - 709 = -j*i - 0*i. List the prime factors of o.
5, 47
Let g(p) = -p**2 - 5*p + 7. Let s be g(-6). Let q(n) = -3 - s - 7 - 14*n. What are the prime factors of q(-5)?
59
What are the prime factors of (148998/(-21))/(55/(1925/(-10)))?
19, 1307
Suppose 6*l = 11 + 1. Let y be l*-3*(-10)/12. Suppose y*b - 36 + 3 = -4*t, 4*t - 30 = -2*b. What are the prime factors of t?
7
What are the prime factors of -76 + 60 - (-33178 + -2)?
2, 8291
What are the prime factors of 1/((-99)/(-774558)) - (-3 - 248/(-88))?
2, 3, 163
Let u(p) = p**2 + 14*p - 147. Let s be u(7). Suppose -5*d + 2*d - h + 2724 = s, h - 3631 = -4*d. What are the prime factors of d?
907
Suppose -2*v = 5*f + 25, 7*f - 25 = -3*v + 12*f. List the prime factors of 11/((-22)/(-519))*(v - -2).
3, 173
Suppose 0 = 5*f + 2*b - b - 35418, -2*b = 14. List the prime factors of f.
5, 13, 109
List the prime factors of (2/4)/(252/1140552).
31, 73
Suppose -3*u + t + 7 = -9, 3*u - 20 = 2*t. Suppose 0 = -u*w - 599 + 2263. What are the prime factors of w?
2, 13
Suppose -12*j - 12*i = -8*j - 109032, j = 4*i + 27293. What are the prime factors of j?
3, 9091
Suppose -1120 = -13*k + 1454. Let z = 96 + -170. Let c = z + k. List the prime factors of c.
2, 31
Let s(m) = -m**3 - m**2 - 3*m - 10. Let o be s(4). Let j = o + 103. List the prime factors of (j/2)/(-3 + (-4612)/(-1536)).
2, 3
Suppose -19532 = -30*x + 12508. Suppose -5*k + 2*c + 85 = -1699, 0 = 3*k - 2*c - x. List the prime factors of k.
2, 179
Let p(o) = 62 - o + 69 - 31. Let r(s) = -62*s - 124. Let u be r(-2). List the prime factors of p(u).
2, 5
What are the prime factors of 497/213*2682*1?
2, 3, 7, 149
Let g = 56 - 53. Let n be (2 - (-3 - -5)) + (g - 1). What are the prime factors of n/(-16) - (1 + (-3605)/40)?
89
Let q(a) = 2*a**2 + 200*a + 4221. What are the prime factors of q(-108)?
3, 661
Suppose 16615 = 12*b - 8*b - 21229. List the prime factors of b.
9461
Suppose -16*r + 1145 + 1927 = 0. What are the prime factors of ((-9)/((-81)/r))/(5/60)?
2
Suppose 17*n = 21*n + 5*a - 2997, 3*a - 1501 = -2*n. Let z = n - 62. List the prime factors of z.
3, 227
Let d(l) = 3*l + 4. Let m(y) = -2*y**2 - 2*y + 16. Let h be m(0). Suppose -3*v + h = -35. What are the prime factors of d(v)?
5, 11
Suppose 2*d + 5*d = 28. Suppose 3*z = -2*w + 500, -403 = -d*z - 3*w + 264. Suppose -2*c + 80 = 3*b, b = -5*c + 2*b + z. List the prime factors of c.
2, 17
Let o = 2754 + 2767. List the prime factors of o.
5521
Let p = 15 + 7. Suppose 3*b = 4*d + 13, -3*d - p = 2*d + 2*b. List the prime factors of 4*((-31)/d + 4/(-2)).
23
Suppose -75 = -5*r - 85, -4*r = 3*o - 2044. List the prime factors of o.
2, 3, 19
Suppose -27070 = -3*b - 4*n, 0 = 4*b - 2*n + n - 36068. List the prime factors of b.
2, 3, 167
Let m(v) = v**3 - 3*v**2 + v - 2. Let o be m(3). Let z(h) = 273*h**3 + 2*h**2 - 1. Let b be z(o). Let u = b + -194. What are the prime factors of u?
2, 5
Let t be (98/21)/((-6)/(-3393)). Suppose -t = 15*s - 28*s. List the prime factors of s.
7, 29
Let j(z) = 27*z - 21 + 34*z - 62*z. Let q be j(-21). Suppose q = -4*n + 2*m + 1006, -3*n + m = -778 + 25. List the prime factors of n.
2, 5
Let i be 7 + 368 - (-3 - -8). Let p = i - 223. List the prime factors of p.
3, 7
Let q(k) = 108 - 57 - 9*k**2 - 49 + k**3. Let z be q(9). Let n(c) = 23*c**3 + 3*c**2 - c - 4. List the prime factors of n(z).
2, 5, 19
Let t be (3/(-6))/((-1)/14). Suppose t*x - x = 12. Suppose 4*s = p - 168, -6 = 4*s + x. List the prime factors of p.
2, 5
Suppose 5*m = -4*u + 2*m + 244306, 2*m - 122152 = -2*u. What are the prime factors of u?
2, 30539
Let k(g) = -11*g**3 + 29*g**2 + 15*g + 32. Let v(a) = 20*a**3 - 57*a**2 - 29*a - 65. Let f(w) = -11*k(w) - 6*v(w). List the prime factors of f(-10).
2, 3, 13
Suppose -3*r + q = 573, r + 89 + 98 = -q. Let i = 463 + r. Let z = 383 - i. What are the prime factors of z?
2, 5, 11
Let i(s) be the third derivative of -23*s**4/12 - 5*s**3/3 - s**2 - 2. List the prime factors of i(-10).
2, 3, 5
Let o = -20750 + 63429. List the prime factors of o.
7, 13, 67
Let n = 151 - 155. Suppose -5*b + 64 = -46. Let t = b + n. What are the prime factors of t?
2, 3
Suppose 0 = 2*m + m - 5*d + 25, d - 5 = 3*m. Suppose m = -2*n - 30 + 46. List the prime factors of n.
2
Suppose -32 - 1852 = -4*l. Let f(c) = -c**3 - c + 4. Let s be f(0). Suppose -5*y + l = s*r, 3*r - y - 330 = 3*y. List the prime factors of r.
2, 3, 19
Let u(p) = -p**2 - 21*p - 54. Let q be u(-18). Suppose g + 3*h - 732 = 0, 3*h + 750 = g - q*g. List the prime factors of g.
3, 13, 19
Suppose 2*q = -2*q - 4*k + 12, -2*q = -4*k + 24. What are the prime factors of (36/21)/(5/595) + q?
2, 101
Suppose -22242296 = -463*c + 24619425 - 12757604. What are the prime factors of c?
3, 43, 571
Let i = -10058 - -11601. List the prime factors of i.
1543
Let w = -57157 - -85984. What are the prime factors of w?
3, 3203
Suppose 2*v = 3*v - 3, 0 = -4*g - 4*v - 16. Let i(f) = -f**3 - 5*f**2 - f - 29. List the prime factors of i(g).
2, 19
Let p be (6 - 5) + -1 - -2. Suppose -p*w + 717 = 5*t, 18*w - 16*w - t - 747 = 0. What are the prime factors of w?
7, 53
Let h(n) = -n - 23. Let a be h(-40). Suppose -48*z + 47255 = a*z. What are the prime factors of z?
727
Let s(b) = -b**3 - 17*b**2 - 30*b - 21. Let p be s(-15). What are the prime factors of (7/(p/2244))/(3 - 5)?
2, 11, 17
Let q(t) be the first derivative of 218*t**3/3 + 5*t**2/2 + 6*t - 445. Let k be ((-3)/(-9))/(1/(-3)). What are the prime factors of q(k)?
3, 73
Let c(y) = y**3 + 6*y**2 + 6*y + 9. Let w be c(-5). Suppose 5*o - o + 4*n + 156 = 0, -162 = w*o - 2*n. What are the prime factors of (18/4 - 2)/((-4)/o)?
5
Suppose 268*h - 5*x = 271*h - 54029, 36016 = 2*h + 4*x. What are the prime factors of h?
2, 3, 7, 11, 13
Suppose -4*y + 109366 = 22486. What are the prime factors of (((-2)/(-3))/(-2))/((-20)/y)?
2, 181
Suppose -4*d - 5*k + 329921 = 0, 3*k + 290498 = 4*d - 39415. What are the prime factors of d?
3, 19, 1447
Let q be 1 + 1 + -4 + 6. Suppose -96 - 12 = -q*k. Suppose 23 + k = 2*f. What are the prime factors of f?
5
Suppose 0 = -3*s + 3*d + 63, 9*s = 14*s - 3*d - 113. Let g(a) = a**2 + 34*a + 22. List the prime factors of g(s).
3, 499
Let h = 11479 + -4647. List the prime factors of h.
2, 7, 61
Let k = -364 - -363. List the prime factors of k - 2/(-5 + 837/168).
3, 37
List the prime factors of -18 - -5747 - (2 - 4).
11, 521
Let r = -55 + -9. What are the prime factors of ((-96)/(-6))/(1*(-2)/r)?
2
Let b(i) = -22*i + 227. Let v be b(10). Suppose v*h + 503 = 12*h - n, -4*n = h - 109. List the prime factors of h.
101
Let p(v) be the second derivative of -v**4/4 - 2*v**3/3 + 415*v**2/2 + 22*v + 3. List the prime factors of p(0).
5, 83
Let c = 51322 